s 424741283 a prime number?
True
Is 197517007 a prime number?
True
Is 88152305387 a composite number?
False
Is 3554732809 prime?
True
Is 84459633553 composite?
True
Is 57335909647 a composite number?
False
Is 96601211687 a prime number?
False
Is 97272639733 composite?
False
Is 8184209 prime?
False
Is 8620441329 composite?
True
Is 1708928899 a prime number?
False
Is 3688384871 prime?
False
Is 895994249 a composite number?
False
Is 78510748139 prime?
True
Is 162739923131 a composite number?
True
Is 3148921187 composite?
False
Is 136695126241 prime?
False
Is 4040185087 composite?
True
Is 1171305235 prime?
False
Is 616920671 prime?
False
Is 7454533769 prime?
True
Is 1122813751 prime?
False
Is 82789041473 prime?
False
Is 6941939041 a composite number?
False
Is 74363468401 a composite number?
False
Is 33185821231 a composite number?
False
Is 3897572689 prime?
True
Is 76557836053 a composite number?
True
Is 125050149791 a prime number?
False
Is 761689259 composite?
False
Is 2460153719 composite?
False
Is 831310327 a composite number?
True
Is 339239141 a prime number?
True
Is 78910577 prime?
True
Is 11838633062 a composite number?
True
Is 31189975637 a composite number?
True
Is 17554440383 composite?
False
Is 54768316721 prime?
False
Is 1140127613 a composite number?
True
Is 42664488499 a prime number?
True
Is 28501973 composite?
False
Is 74255825477 a prime number?
True
Is 1644473293 a composite number?
True
Is 2675459867 a prime number?
False
Is 389090257 prime?
False
Is 236437657 a prime number?
False
Is 529303165 a prime number?
False
Is 20547785393 composite?
False
Is 1931957 composite?
False
Is 5809283 a prime number?
True
Is 23332419889 a prime number?
True
Is 4925888333 a prime number?
True
Is 59117938097 a prime number?
True
Is 29013821 composite?
False
Is 603255197 prime?
True
Is 19021647877 composite?
False
Is 5209906183 composite?
True
Is 1294898021 a prime number?
True
Is 19123472867 a composite number?
False
Is 152639527 a composite number?
False
Is 20978449571 prime?
True
Is 4025139647 composite?
False
Is 677455391 prime?
True
Is 966496793 a composite number?
False
Is 1906302719 composite?
False
Is 1104503017 composite?
False
Is 6105530203 a prime number?
True
Is 36320517161 prime?
True
Is 3195084577 a prime number?
True
Is 11896697153 prime?
False
Is 61086397 a composite number?
False
Is 77004173 a prime number?
True
Is 24628641133 prime?
False
Is 330216251 a prime number?
True
Is 27707153 prime?
True
Is 16290233657 prime?
True
Is 7539947809 composite?
False
Is 695537681 prime?
False
Is 1871552577 a prime number?
False
Is 389160953 composite?
False
Is 34762565249 prime?
True
Is 8065308557 composite?
True
Is 10491595439 composite?
True
Is 18631876127 prime?
True
Is 11168235789 a prime number?
False
Is 415676701 prime?
False
Is 147769796285 a composite number?
True
Is 333624259 composite?
False
Is 97288381 a composite number?
True
Is 4712526809 a composite number?
False
Is 188108699 composite?
True
Is 581844493 composite?
True
Is 10173950309 a composite number?
False
Is 2073884357 composite?
False
Is 134025587 prime?
True
Is 298407743 a prime number?
True
Is 3354166001 a composite number?
False
Is 10001200663 composite?
False
Is 4743959137 a prime number?
True
Is 332838320363 composite?
True
Is 95615677 a prime number?
False
Is 19065102547 a prime number?
False
Is 6952981 a prime number?
False
Is 2727827779 a prime number?
True
Is 8703422371 a prime number?
False
Is 1557530537 a prime number?
False
Is 3315853829 a prime number?
True
Is 526832477 a prime number?
True
Is 170917466 prime?
False
Is 969640051 a prime number?
True
Is 67014470989 composite?
True
Is 395369981 prime?
True
Is 579433133 a prime number?
False
Is 1088678311 composite?
True
Is 9151159987 composite?
False
Is 10231173011 composite?
False
Is 19412118853 a composite number?
False
Is 71554563023 a prime number?
True
Is 1616566957 composite?
False
Is 2619811091 prime?
True
Is 7001828501 prime?
False
Is 126570553 a composite number?
True
Is 32823119963 a composite number?
True
Is 1641053131 composite?
True
Is 7602432613 a prime number?
False
Is 2467615669 a prime number?
True
Is 438101479 composite?
True
Is 134072377 prime?
False
Is 2142885947 composite?
False
Is 3098505649 composite?
False
Is 1647409067 composite?
False
Is 5326497881 prime?
True
Is 11260906861 prime?
False
Is 36339636233 composite?
True
Is 1256293261 composite?
False
Is 1025511197 prime?
True
Is 2776980467 composite?
False
Is 3630391703 prime?
True
Is 8130926527 prime?
False
Is 65126312291 composite?
False
Is 2217599437 a prime number?
True
Is 17174673937 a prime number?
True
Is 10042715786 composite?
True
Is 511966801 a prime number?
True
Is 82573987151 composite?
True
Is 801984941 a composite number?
False
Is 33277691087 a prime number?
False
Is 1074362789 a composite number?
True
Is 4987345457 prime?
False
Is 751994335 composite?
True
Is 8683865209 a composite number?
False
Is 1102657918 prime?
False
Is 1944974971 a composite number?
False
Is 5264689763 a composite number?
False
Is 19016057519 a composite number?
False
Is 2693465749 prime?
False
Is 4951086769 a prime number?
True
Is 82189250173 composite?
True
Is 5023182001 composite?
False
Is 672060107 prime?
False
Is 1478451877 prime?
False
Is 1520844289 prime?
True
Is 13696379113 prime?
True
Is 1541124451 prime?
True
Is 20019142301 a composite number?
False
Is 955434241 a composite number?
False
Is 2266118243 composite?
True
Is 215815234681 composite?
True
Is 58707563039 a prime number?
True
Is 11079460409 a composite number?
False
Is 484934603 prime?
True
Is 4678374457 a composite number?
True
Is 30598329511 a prime number?
True
Is 1326450167 composite?
True
Is 8230801009 a prime number?
False
Is 7322940187 composite?
True
Is 1939424303 prime?
False
Is 163958524579 a prime number?
True
Is 5291646877 prime?
False
Is 865468781 a composite number?
True
Is 395948279 a composite number?
True
Is 202691971 composite?
False
Is 77644306609 prime?
True
Is 3705160731 prime?
False
Is 443246299 a composite number?
True
Is 32402392829 prime?
True
Is 14974942289 composite?
False
Is 2219078633 a composite number?
True
Is 34448784221 a composite number?
True
Is 24360287491 a prime number?
True
Is 16647086549 a prime number?
True
Is 17628639227 a composite number?
False
Is 48111389503 composite?
True
Is 377374499 a composite number?
False
Is 332502837 a composite number?
True
Is 1092555391 composite?
True
Is 668005651 a composite number?
False
Is 5413375423 a prime number?
True
Is 197107360774 a prime number?
False
Is 49657769017 a prime number?
False
Is 213536747 a composite number?
False
Is 2172676663 composite?
True
Is 39745414003 a prime number?
True
Is 5939126819 composite?
False
Is 58155326279 a prime number?
False
Is 30442242221 prime?
True
Is 9094459865 composite?
True
Is 30056420389 a composite number?
False
Is 66103069171 composite?
False
Is 3342362563 a prime number?
True
Is 7455066193 a prime number?
False
Is 5987722109 a prime number?
False
Is 44578072439 composite?
True
Is 507677705 a composite number?
True
Is 501499573 a prime number?
True
Is 517910461 a composite number?
True
Is 27187054981 a prime number?
True
Is 318207403121 a composite number?
True
Is 129591181451 a composite number?
True
Is 2383949093 a composite number?
True
Is 4792725563 prime?
True
Is 141636851 prime?
False
Is 1739525657 composite?
True
Is 1821756847 prime?
True
Is 2637326299 composite?
False
Is 575085421 prime?
False
Is 383223691 a prime number?
True
Is 357356843 prime?
True
Is 1462927409 a prime number?
True
Is 22011114197 prime?
True
Is 819303077 a prime number?
False
Is 30275335271 composite?
True
Is 2133505789 prime?
True
Is 3544985051 a prime number?
True
Is 1916699991 a prime number?
False
Is 115775119 prime?
False
Is 1459534561 composite?
False
Is 81801346409 a prime number?
True
Is 51139782589 prime?
False
Is 80192886559 prime?
False
Is 340363843 prime?
False
Is 30932945863 prime?
True
Is 4240227619 a composite number?
True
Is 73221365447 prime?
True
Is 3466155379 composite?
True
Is 682369619 composite?
False
Is 118541059249 a prime number?
True
Is 9546091897 composite?
False
Is 26837667041 a prime number?
True
Is 1221311441 a composite number?
True
Is 1469193421 a